2 + 2*a - 2. Let p be n(-2). What are the prime factors of p/7 + 878/14 + -2?
61
Let g(i) = 45*i**2 - 17*i - 17. What are the prime factors of g(-7)?
3, 769
Suppose d - 1806 = -5*x - 0*d, -5*x + 3*d = -1822. Suppose -y + x = 5*n, 0 = -4*n + y + 117 + 169. What are the prime factors of n?
2, 3
What are the prime factors of ((-160)/240)/((-1)/324)?
2, 3
Let n(d) = 2*d**2 + 7*d + 1. Let b(u) = u**3 - 17*u**2 - 19*u + 21. Let g be b(18). What are the prime factors of n(g)?
2, 5
Let g be 3/(-9) - 111/(-9). Let w be 1*-1*17/(34/(-8)). List the prime factors of (w - 27/g)*12.
3, 7
Let h = 21 - -3. Let k be (-42)/63 + 176/3. Let b = k - h. What are the prime factors of b?
2, 17
Let j = 930 + 628. List the prime factors of j.
2, 19, 41
Suppose -922 - 545 = b + 2*t, t - 7346 = 5*b. List the prime factors of 2/12 - 1*b/6.
5, 7
Suppose -c + 563 = -3*s, -4*c - 4*s = 371 - 2575. What are the prime factors of c?
2, 277
Suppose -4*q + 4362 = 5*u, 2*q + 3*u - 4*u = 2174. What are the prime factors of q?
2, 17
Let c(b) = 2*b**3 - 3*b**2 - 3*b + 31. Let k(o) = -5*o**3 + 7*o**2 + 7*o - 62. Let w(u) = 7*c(u) + 3*k(u). Let n = 0 - 0. What are the prime factors of w(n)?
31
Suppose -s - 3*s + 24 = 5*o, -2*s = 2*o - 12. Suppose 0 = 6*a - 4*a - s. Suppose a*m = 3*p - 0*m - 27, 3*p = -m + 11. List the prime factors of p.
5
Suppose 5*j - 3*j + 22 = -5*v, -4*j - 2*v = 28. Let g be ((-8)/(-10))/(j/30). Let f(a) = 2*a**2 - 3. List the prime factors of f(g).
29
Let t be ((-782)/51)/((-10)/6 + 1). What are the prime factors of (t/(-2))/(1/(-6))?
3, 23
Suppose 4*b + 27 = 15. Let m(d) = -59*d + 1. What are the prime factors of m(b)?
2, 89
Let m(p) = 2*p - 16. Let d be m(10). Let a be d/(-10)*1*160. Let t = a + 115. List the prime factors of t.
3, 17
Let q = 5 - -197. What are the prime factors of q?
2, 101
Let f(k) = k**3 + 11*k**2 + 9. Let g be f(-11). Let s(l) = 2*l + 13. List the prime factors of s(g).
31
List the prime factors of (-13)/(-5) + -2 + (-92713)/(-145).
2, 5
Let w(u) = u**3 - 13*u**2 - 14*u + 3. Suppose 5*i - 76 = -2*z, z + z - 48 = -3*i. What are the prime factors of w(i)?
3
Let j(x) = 15*x + 8. Suppose 5*i + 5 = 35. Let g be j(i). Let r = g + -67. List the prime factors of r.
31
Let l(r) = r**3 + 16*r**2 + 24*r + 9. Let f be l(-14). Let y = f + -59. List the prime factors of y.
2, 3
Let f(y) = 14*y**2 + 5*y - 3. Let g(c) = -c**2 + 26*c - 4. Let w be g(26). What are the prime factors of f(w)?
3, 67
Let m = 797 - 307. Suppose -5*v - 94 = -y, -5*v = 4*y - 9*y + m. Suppose -u + 18 = -h, 0 = 5*u - h - h - y. List the prime factors of u.
3, 7
Let q = 797 - 591. List the prime factors of q.
2, 103
What are the prime factors of 327932/145 + ((-26)/10 - -3)?
2, 3, 13, 29
Let b = -92 - -122. Let u = 61 - b. List the prime factors of u.
31
What are the prime factors of (-1911)/(-2) + 44/(-88)?
5, 191
Let d(h) = -h**2 + 6. Let z be d(-5). Let q be 9/6 + z/2. Let t(o) = -6*o - 10. List the prime factors of t(q).
2, 19
Let m be -2*(2 + 6/(-4)) - 12. Let p(r) = -r**2 - 19*r - 4. What are the prime factors of p(m)?
2, 37
What are the prime factors of 871 + ((-20)/25 - 29/(-5))?
2, 3, 73
Let n = -868 - -1144. List the prime factors of n.
2, 3, 23
Suppose -2*g + 5*c - 210 = 0, -5*g - c + 15 - 540 = 0. Suppose 3*p + 127 = -62. Let u = p - g. List the prime factors of u.
2, 3, 7
Let c be (-1)/(1/15*-3) + 1. What are the prime factors of (c/(-4))/((-3)/628)?
2, 157
Let t(z) = -z**3 + 42*z**2 - 53*z + 22. List the prime factors of t(40).
2, 19, 29
Let g(o) = o**3 + 8*o**2 - 4*o - 28. Let i be g(-8). Suppose -i*k + 218 = -34. List the prime factors of k.
3, 7
Let h = -18 + 21. Suppose -2*b - 40 = -h*b. Let o = b + -25. List the prime factors of o.
3, 5
Let q = 80 - 71. Suppose 0 = 3*b - 2*b - 4. Suppose -b*l = -q*l - 25, 4*l = -5*a + 25. List the prime factors of a.
3
Suppose p - y - 28 = 0, -5*y + 12 = -2*y. List the prime factors of p/2 + (-60)/15.
2, 3
Suppose -2*g - o = -g - 26, 0 = -2*g + o + 49. Suppose -3*h - 4*k - 740 = 0, 3*k - 1245 = 5*h - 2*k. List the prime factors of h/(-5) - (-10)/g.
2, 5
Let m(x) = 133*x**2 + 7*x - 16. List the prime factors of m(2).
2, 5, 53
Let b = -2024 - -2954. List the prime factors of b.
2, 3, 5, 31
List the prime factors of -1*(-1490 + -2)/4.
373
List the prime factors of ((-2457)/(-9))/(141/66 - 2).
2, 7, 11, 13
Suppose -7*x + 0*x = -35. Suppose -8*c + 360 = 2*j - x*c, 2*c = -4*j + 704. List the prime factors of j.
2, 3, 29
Let b(y) = -3*y + 24. Let r(l) = -2*l + 16. Let h(n) = 5*b(n) - 7*r(n). List the prime factors of h(6).
2
Suppose -2*k + 5258 = 4*j + 1458, -2*k = 3*j - 3803. List the prime factors of k.
2, 953
Let g = 4277 - 2821. Suppose 4*j - 4*r = 1152, j = 6*j - r - g. List the prime factors of j.
2, 73
Let n(r) = -r**3 - 5*r**2 + 2*r - 7. Let a be n(-5). Let p = a - -86. Let d = p + -28. What are the prime factors of d?
41
Let d(m) = 28*m**2 - 2*m - 16. Let n be d(6). Suppose -10*c + 5*c = -n. List the prime factors of c.
2, 7
Suppose 0*f = -f - 370. Let t = f + 538. Suppose 11*d + t = 15*d. What are the prime factors of d?
2, 3, 7
Let n(v) = 2*v**2 - 3*v + 2. Let d be n(2). Suppose 0 = d*b - 5*h - 216, -3*h = -3*b - h + 162. List the prime factors of b.
2, 3
Suppose -x + 885 = -1031. List the prime factors of 6/(-33) + x/11.
2, 3, 29
Let n(h) = -5*h - 21. Let p be n(0). Let l = p + 41. List the prime factors of l.
2, 5
Let g = 126 - -6. What are the prime factors of g?
2, 3, 11
Let k be (-56)/(-21) + 6/(-9). Suppose -3*a = -k*b + 140, 4*b = -a + 325 - 31. What are the prime factors of b?
73
Suppose 5*l = w + 59, -2*w - 18 = -4*l + 28. Let y be ((-186)/l)/((-1)/2). Let n = y + -8. List the prime factors of n.
23
Suppose 241 = 3*f + 2*a - 0*a, 0 = 2*f + a - 160. Suppose 1 + 14 = -3*y, -f = -2*x - 3*y. What are the prime factors of x?
47
Suppose 2*y - 5 = -2*x - 3*x, -x = -3*y - 18. Suppose 4*n - 9 - x = 0. Suppose n*q = 2*t - 23 - 23, -4*t + q = -82. List the prime factors of t.
2, 5
Let u be (2/11)/(-1) - 245/(-77). Suppose 0 = -u*o + 9*o - 1080. What are the prime factors of o?
2, 3, 5
Let w(u) be the first derivative of -u**2/2 + 11*u - 4. Let v = -27 + 19. What are the prime factors of w(v)?
19
Suppose 702 = 4*t - 0*g - 2*g, 4*g - 510 = -3*t. What are the prime factors of t?
2, 3, 29
Let w be 312/(-30) - (-2)/5. Let d = w + 11. Let h(t) = 33*t**2 + t - 1. List the prime factors of h(d).
3, 11
Let s = 2285 - 1467. List the prime factors of s.
2, 409
Suppose 8 = 2*c + 2. Let z = 321 - 318. Suppose -a - 2*a + 159 = z*b, 3*a - c*b = 159. List the prime factors of a.
53
Let s = -8 + 16. What are the prime factors of (-120)/s*(-36)/10?
2, 3
Let q(m) = -8*m - 55. Let v be q(-7). List the prime factors of (80/6)/(v/6).
2, 5
Suppose 0 = i + 4*i + 4*r - 20, 3*r = -2*i + 8. Suppose x + 16 = 4*a, -x - i*a = -38 + 14. Suppose -3*d - 13 = -x*d. What are the prime factors of d?
13
Suppose -5*c + 9*c = -504. Let a = c - -150. List the prime factors of a.
2, 3
Suppose 8 - 11 = -l. Suppose 0*r - 27 = -3*h - r, l*r = -3*h + 33. What are the prime factors of h?
2
Let v(a) = -4*a**2 + 62*a - 41. List the prime factors of v(14).
43
Let p = 34 - 31. Let r = p + -2. List the prime factors of -3 - r/(2/(-86)).
2, 5
Suppose p - 4 = 7. What are the prime factors of -2 - -8*p/2?
2, 3, 7
Let s(m) = -m**3 - 2*m**2 - 6*m - 11. Let p be 5/20 + (-51)/12. What are the prime factors of s(p)?
3, 5
Suppose 5*a + 5*p = -60, -32 = 4*a - p - 3*p. Let d = a + 14. Suppose -2*t + 156 = d*t. What are the prime factors of t?
2, 13
Let x = -1213 + 1748. List the prime factors of x.
5, 107
Suppose -3*q = -7*u + 3*u - 22, 2*q - 2*u = 12. Let z be (-2)/4*(-46 + -4). Suppose x + z = q*x. List the prime factors of x.
5
Let a = -26 - -39. Let v = 5 - a. List the prime factors of 2/v*-4*31.
31
Suppose 18 = o - 2*o - 3*u, -2*o - 33 = 3*u. Let g be (10/o)/(1/15). What are the prime factors of 4/g + 47/5?
3
Let k = -10291 - -15436. List the prime factors of k.
3, 5, 7
Let n(l) = l + 10. Let g be n(-8). Suppose -7*r = -2*r + 2*p - 213, g*r - 84 = -2*p. Suppose 0*f + r = f. What are the prime factors of f?
43
List the prime factors of -6 + ((-16)/(-2) - 8) - -1771.
5, 353
Let y(o) = -o**3 + 11*o**2 - 12*o + 23. Let g be y(10). Suppose -h + 5*p - 10 = 0, -3*h + g*p - 10 = -40. List th